{"id":664,"date":"2015-06-28T13:31:52","date_gmt":"2015-06-28T11:31:52","guid":{"rendered":"http:\/\/tinctorea.com\/blog\/?page_id=664"},"modified":"2018-11-10T05:10:40","modified_gmt":"2018-11-10T03:10:40","slug":"about-tinctorea-slow-textile-concept","status":"publish","type":"page","link":"http:\/\/tinctorea.com\/blog\/about-tinctorea-slow-textile-concept\/","title":{"rendered":"ABOUT"},"content":{"rendered":"<p style=\"text-align: justify;\">TINCT\u00d3REA \u00abSlow Textile Concept\u00bb <span style=\"color: #ffffff;\">[[Tinct\u00f3rea Slow Textile Concept]]<\/span><\/p>\n<p><p style=\"text-align: justify;\">Tinct\u00f3rea es una iniciativa de textiles elaborados de manera artesanal, local y sustentable, que pone su acento en el uso de <strong>Fibras y Tintes Naturales<\/strong> producidos de forma responsable. Dise\u00f1os atemporales basados en la utilizaci\u00f3n de Colores Lentos e inspirados en elementos de la Naturaleza, como alternativa a los vaivenes de la moda y a los textiles globalizados de origen petroqu\u00edmico. Una firma involucrada con la <strong>Sustentabilidad extil<\/strong>, que incorpora criterios \u00e9ticos, econ\u00f3micos y ecol\u00f3gicos en busca de la excelencia en t\u00e9rminos de trazabilidad y coherencia.<\/p>\n<p><p style=\"text-align: center;\">***<\/p>\n<p style=\"text-align: justify;\"><span style=\"color: #800080\">Tinct\u00f3rea is a textile initiative which produces in a local, handcraft and sustainable way, highlighting the use of <strong>Natural Dyes and Fibres<\/strong> produced in a sustainable manner. Timeless designs based on the use of Slow Colors and inspired by elements of Nature. An alternative to the vagaries of fashion and globalized petrochemical textiles. A slow textile brand deeply involved with the <strong>Textile Sustainability<\/strong> by means of incorporating ethical, ecological and economic criteria, seeking the excellence in terms of traceability &#038; coherence.<\/span><\/p>\n","protected":false},"excerpt":{"rendered":"<p>TINCT\u00d3REA \u00abSlow Textile Concept\u00bb [[Tinct\u00f3rea Slow Textile Concept]] Tinct\u00f3rea es una iniciativa de textiles elaborados de manera artesanal, local y sustentable, que pone su acento en el uso de Fibras y Tintes Naturales producidos de forma responsable. Dise\u00f1os atemporales basados en la utilizaci\u00f3n de Colores Lentos e inspirados en elementos de la Naturaleza, como alternativa [&hellip;]<\/p>\n","protected":false},"author":1,"featured_media":0,"parent":0,"menu_order":0,"comment_status":"closed","ping_status":"closed","template":"","meta":{"_exactmetrics_skip_tracking":false,"_exactmetrics_sitenote_active":false,"_exactmetrics_sitenote_note":"","_exactmetrics_sitenote_category":0,"site-sidebar-layout":"default","site-content-layout":"","ast-site-content-layout":"default","site-content-style":"default","site-sidebar-style":"default","ast-global-header-display":"","ast-banner-title-visibility":"","ast-main-header-display":"","ast-hfb-above-header-display":"","ast-hfb-below-header-display":"","ast-hfb-mobile-header-display":"","site-post-title":"","ast-breadcrumbs-content":"","ast-featured-img":"","footer-sml-layout":"","ast-disable-related-posts":"","theme-transparent-header-meta":"","adv-header-id-meta":"","stick-header-meta":"","header-above-stick-meta":"","header-main-stick-meta":"","header-below-stick-meta":"","astra-migrate-meta-layouts":"default","ast-page-background-enabled":"default","ast-page-background-meta":{"desktop":{"background-color":"var(--ast-global-color-4)","background-image":"","background-repeat":"repeat","background-position":"center center","background-size":"auto","background-attachment":"scroll","background-type":"","background-media":"","overlay-type":"","overlay-color":"","overlay-opacity":"","overlay-gradient":""},"tablet":{"background-color":"","background-image":"","background-repeat":"repeat","background-position":"center center","background-size":"auto","background-attachment":"scroll","background-type":"","background-media":"","overlay-type":"","overlay-color":"","overlay-opacity":"","overlay-gradient":""},"mobile":{"background-color":"","background-image":"","background-repeat":"repeat","background-position":"center center","background-size":"auto","background-attachment":"scroll","background-type":"","background-media":"","overlay-type":"","overlay-color":"","overlay-opacity":"","overlay-gradient":""}},"ast-content-background-meta":{"desktop":{"background-color":"var(--ast-global-color-5)","background-image":"","background-repeat":"repeat","background-position":"center center","background-size":"auto","background-attachment":"scroll","background-type":"","background-media":"","overlay-type":"","overlay-color":"","overlay-opacity":"","overlay-gradient":""},"tablet":{"background-color":"var(--ast-global-color-5)","background-image":"","background-repeat":"repeat","background-position":"center center","background-size":"auto","background-attachment":"scroll","background-type":"","background-media":"","overlay-type":"","overlay-color":"","overlay-opacity":"","overlay-gradient":""},"mobile":{"background-color":"var(--ast-global-color-5)","background-image":"","background-repeat":"repeat","background-position":"center center","background-size":"auto","background-attachment":"scroll","background-type":"","background-media":"","overlay-type":"","overlay-color":"","overlay-opacity":"","overlay-gradient":""}},"footnotes":""},"class_list":["post-664","page","type-page","status-publish","hentry"],"yoast_head":"<!-- This site is optimized with the Yoast SEO plugin v22.0 - https:\/\/yoast.com\/wordpress\/plugins\/seo\/ -->\n<title>Tinct\u00f3rea Slow Textile Concept<\/title>\n<meta name=\"description\" content=\"Tinct\u00f3rea Slow Textile Concept. Un concepto de textiles artesanales, locales y sustentables empleando Fibras y Tintes Naturales producidos responsablemente.\" \/>\n<meta name=\"robots\" content=\"index, follow, max-snippet:-1, max-image-preview:large, max-video-preview:-1\" \/>\n<link rel=\"canonical\" href=\"http:\/\/tinctorea.com\/blog\/about-tinctorea-slow-textile-concept\/\" \/>\n<meta property=\"og:locale\" content=\"es_ES\" \/>\n<meta property=\"og:type\" content=\"article\" \/>\n<meta property=\"og:title\" content=\"Tinct\u00f3rea Slow Textile Concept\" \/>\n<meta property=\"og:description\" content=\"Tinct\u00f3rea Slow Textile Concept. Un concepto de textiles artesanales, locales y sustentables empleando Fibras y Tintes Naturales producidos responsablemente.\" \/>\n<meta property=\"og:url\" content=\"http:\/\/tinctorea.com\/blog\/about-tinctorea-slow-textile-concept\/\" \/>\n<meta property=\"og:site_name\" content=\"El Blog de Tinctorea\" \/>\n<meta property=\"article:modified_time\" content=\"2018-11-10T03:10:40+00:00\" \/>\n<meta name=\"twitter:card\" content=\"summary_large_image\" \/>\n<meta name=\"twitter:label1\" content=\"Tiempo de lectura\" \/>\n\t<meta name=\"twitter:data1\" content=\"1 minuto\" \/>\n<script type=\"application\/ld+json\" class=\"yoast-schema-graph\">{\"@context\":\"https:\/\/schema.org\",\"@graph\":[{\"@type\":\"WebPage\",\"@id\":\"http:\/\/tinctorea.com\/blog\/about-tinctorea-slow-textile-concept\/\",\"url\":\"http:\/\/tinctorea.com\/blog\/about-tinctorea-slow-textile-concept\/\",\"name\":\"Tinct\u00f3rea Slow Textile Concept\",\"isPartOf\":{\"@id\":\"http:\/\/tinctorea.com\/blog\/#website\"},\"datePublished\":\"2015-06-28T11:31:52+00:00\",\"dateModified\":\"2018-11-10T03:10:40+00:00\",\"description\":\"Tinct\u00f3rea Slow Textile Concept. Un concepto de textiles artesanales, locales y sustentables empleando Fibras y Tintes Naturales producidos responsablemente.\",\"breadcrumb\":{\"@id\":\"http:\/\/tinctorea.com\/blog\/about-tinctorea-slow-textile-concept\/#breadcrumb\"},\"inLanguage\":\"es\",\"potentialAction\":[{\"@type\":\"ReadAction\",\"target\":[\"http:\/\/tinctorea.com\/blog\/about-tinctorea-slow-textile-concept\/\"]}]},{\"@type\":\"BreadcrumbList\",\"@id\":\"http:\/\/tinctorea.com\/blog\/about-tinctorea-slow-textile-concept\/#breadcrumb\",\"itemListElement\":[{\"@type\":\"ListItem\",\"position\":1,\"name\":\"Portada\",\"item\":\"http:\/\/tinctorea.com\/blog\/\"},{\"@type\":\"ListItem\",\"position\":2,\"name\":\"ABOUT\"}]},{\"@type\":\"WebSite\",\"@id\":\"http:\/\/tinctorea.com\/blog\/#website\",\"url\":\"http:\/\/tinctorea.com\/blog\/\",\"name\":\"El Blog de Tinctorea\",\"description\":\"Slow Textile Concept\",\"publisher\":{\"@id\":\"http:\/\/tinctorea.com\/blog\/#organization\"},\"potentialAction\":[{\"@type\":\"SearchAction\",\"target\":{\"@type\":\"EntryPoint\",\"urlTemplate\":\"http:\/\/tinctorea.com\/blog\/?s={search_term_string}\"},\"query-input\":\"required name=search_term_string\"}],\"inLanguage\":\"es\"},{\"@type\":\"Organization\",\"@id\":\"http:\/\/tinctorea.com\/blog\/#organization\",\"name\":\"El Blog de Tinctorea\",\"url\":\"http:\/\/tinctorea.com\/blog\/\",\"logo\":{\"@type\":\"ImageObject\",\"inLanguage\":\"es\",\"@id\":\"http:\/\/tinctorea.com\/blog\/#\/schema\/logo\/image\/\",\"url\":\"http:\/\/tinctorea.com\/blog\/wp-content\/uploads\/2015\/02\/cropped-logo-completo-claim-500-1.jpg\",\"contentUrl\":\"http:\/\/tinctorea.com\/blog\/wp-content\/uploads\/2015\/02\/cropped-logo-completo-claim-500-1.jpg\",\"width\":500,\"height\":167,\"caption\":\"El Blog de Tinctorea\"},\"image\":{\"@id\":\"http:\/\/tinctorea.com\/blog\/#\/schema\/logo\/image\/\"}}]}<\/script>\n<!-- \/ Yoast SEO plugin. -->","yoast_head_json":{"title":"Tinct\u00f3rea Slow Textile Concept","description":"Tinct\u00f3rea Slow Textile Concept. Un concepto de textiles artesanales, locales y sustentables empleando Fibras y Tintes Naturales producidos responsablemente.","robots":{"index":"index","follow":"follow","max-snippet":"max-snippet:-1","max-image-preview":"max-image-preview:large","max-video-preview":"max-video-preview:-1"},"canonical":"http:\/\/tinctorea.com\/blog\/about-tinctorea-slow-textile-concept\/","og_locale":"es_ES","og_type":"article","og_title":"Tinct\u00f3rea Slow Textile Concept","og_description":"Tinct\u00f3rea Slow Textile Concept. Un concepto de textiles artesanales, locales y sustentables empleando Fibras y Tintes Naturales producidos responsablemente.","og_url":"http:\/\/tinctorea.com\/blog\/about-tinctorea-slow-textile-concept\/","og_site_name":"El Blog de Tinctorea","article_modified_time":"2018-11-10T03:10:40+00:00","twitter_card":"summary_large_image","twitter_misc":{"Tiempo de lectura":"1 minuto"},"schema":{"@context":"https:\/\/schema.org","@graph":[{"@type":"WebPage","@id":"http:\/\/tinctorea.com\/blog\/about-tinctorea-slow-textile-concept\/","url":"http:\/\/tinctorea.com\/blog\/about-tinctorea-slow-textile-concept\/","name":"Tinct\u00f3rea Slow Textile Concept","isPartOf":{"@id":"http:\/\/tinctorea.com\/blog\/#website"},"datePublished":"2015-06-28T11:31:52+00:00","dateModified":"2018-11-10T03:10:40+00:00","description":"Tinct\u00f3rea Slow Textile Concept. Un concepto de textiles artesanales, locales y sustentables empleando Fibras y Tintes Naturales producidos responsablemente.","breadcrumb":{"@id":"http:\/\/tinctorea.com\/blog\/about-tinctorea-slow-textile-concept\/#breadcrumb"},"inLanguage":"es","potentialAction":[{"@type":"ReadAction","target":["http:\/\/tinctorea.com\/blog\/about-tinctorea-slow-textile-concept\/"]}]},{"@type":"BreadcrumbList","@id":"http:\/\/tinctorea.com\/blog\/about-tinctorea-slow-textile-concept\/#breadcrumb","itemListElement":[{"@type":"ListItem","position":1,"name":"Portada","item":"http:\/\/tinctorea.com\/blog\/"},{"@type":"ListItem","position":2,"name":"ABOUT"}]},{"@type":"WebSite","@id":"http:\/\/tinctorea.com\/blog\/#website","url":"http:\/\/tinctorea.com\/blog\/","name":"El Blog de Tinctorea","description":"Slow Textile Concept","publisher":{"@id":"http:\/\/tinctorea.com\/blog\/#organization"},"potentialAction":[{"@type":"SearchAction","target":{"@type":"EntryPoint","urlTemplate":"http:\/\/tinctorea.com\/blog\/?s={search_term_string}"},"query-input":"required name=search_term_string"}],"inLanguage":"es"},{"@type":"Organization","@id":"http:\/\/tinctorea.com\/blog\/#organization","name":"El Blog de Tinctorea","url":"http:\/\/tinctorea.com\/blog\/","logo":{"@type":"ImageObject","inLanguage":"es","@id":"http:\/\/tinctorea.com\/blog\/#\/schema\/logo\/image\/","url":"http:\/\/tinctorea.com\/blog\/wp-content\/uploads\/2015\/02\/cropped-logo-completo-claim-500-1.jpg","contentUrl":"http:\/\/tinctorea.com\/blog\/wp-content\/uploads\/2015\/02\/cropped-logo-completo-claim-500-1.jpg","width":500,"height":167,"caption":"El Blog de Tinctorea"},"image":{"@id":"http:\/\/tinctorea.com\/blog\/#\/schema\/logo\/image\/"}}]}},"_links":{"self":[{"href":"http:\/\/tinctorea.com\/blog\/wp-json\/wp\/v2\/pages\/664","targetHints":{"allow":["GET"]}}],"collection":[{"href":"http:\/\/tinctorea.com\/blog\/wp-json\/wp\/v2\/pages"}],"about":[{"href":"http:\/\/tinctorea.com\/blog\/wp-json\/wp\/v2\/types\/page"}],"author":[{"embeddable":true,"href":"http:\/\/tinctorea.com\/blog\/wp-json\/wp\/v2\/users\/1"}],"replies":[{"embeddable":true,"href":"http:\/\/tinctorea.com\/blog\/wp-json\/wp\/v2\/comments?post=664"}],"version-history":[{"count":1,"href":"http:\/\/tinctorea.com\/blog\/wp-json\/wp\/v2\/pages\/664\/revisions"}],"predecessor-version":[{"id":7366,"href":"http:\/\/tinctorea.com\/blog\/wp-json\/wp\/v2\/pages\/664\/revisions\/7366"}],"wp:attachment":[{"href":"http:\/\/tinctorea.com\/blog\/wp-json\/wp\/v2\/media?parent=664"}],"curies":[{"name":"wp","href":"https:\/\/api.w.org\/{rel}","templated":true}]}}